 - 1. Is 2 a factor of a(1)?
True
Let s(y) = -y + 3. Let h(d) = -1. Let b(l) = -2*h(l) - s(l). Is b(7) a multiple of 6?
True
Suppose 0 = -33*b + 30*b + 558. Is b a multiple of 31?
True
Suppose 4*x = -5*m - 19, -3*x = -3*m + 2*m. Let q = x + 5. Suppose -q = k - 2*k. Does 3 divide k?
False
Suppose 0 = -0*n - 3*n + 81. Let m be 12/18*(-1 - -4). Suppose m*p + 3*t - n = 0, 6*t - 3*t = p + 9. Is p a multiple of 3?
True
Suppose 0 = 5*h - 26 - 319. Is 30 a factor of h?
False
Let n = -3 + 6. Suppose 5*d + 16 = -2*l, -4*l = 2*d - 5*l + 1. Let p = n - d. Does 5 divide p?
True
Let v(f) = -f**2 - 7*f. Let a be v(-6). Suppose 0 = -a*c + 5*c + 17. Is 13 a factor of c?
False
Let k(l) = -l - 1. Let j(x) = 10*x + 7. Let b(z) = -j(z) - 6*k(z). Let o be b(-1). Suppose -5*t + 6*t + 7 = -5*c, 5*t = o*c + 21. Is 3 a factor of t?
True
Suppose 0 = 3*k + i - 4, -2*k - 5*i - 2 = 4. Does 9 divide (k - 1)/((-3)/(-54))?
True
Let x = -27 + 55. Let a = x - 14. Is 7 a factor of a?
True
Let v be (2 - -57) + (-8)/4. Suppose -1 + 16 = 3*r. Suppose -2*h = r*s - 17, 3*s + 0*s + v = 2*h. Does 10 divide h?
False
Suppose -l = -4*l + 3*a + 474, 2*a = 5*l - 796. Is l a multiple of 14?
False
Suppose 0 = 2*v + u - 46 + 18, -3*v = -4*u - 20. Is v a multiple of 3?
True
Let d = -6 + 10. Suppose -50 = -3*h + d. Is h a multiple of 6?
True
Let o(h) = h**2 + 7*h - 7. Let d be o(-7). Let c = -7 - d. Is (-2 - -23)*(c - -1) a multiple of 21?
True
Let m(g) = 2*g**3 - 2*g**2 + g. Let l be m(1). Let j(v) = 4*v**3 + 2*v**2 - 1. Does 2 divide j(l)?
False
Suppose 0 = 5*u - 44 - 941. Let a = -108 + u. Suppose 67 = 2*b + 2*b + 5*s, s = -5*b + a. Is b a multiple of 18?
True
Let i(p) = 41*p**3 - 1. Let r be i(-1). Does 11 divide 18/(-24)*(r + -2)?
True
Let c(k) = 4*k**2 - 11*k + 4. Let n be c(7). Suppose -13 = -4*y + n. Is y a multiple of 17?
True
Suppose 7*p + 44 = 9*p. Does 11 divide p?
True
Suppose 0 = -j - 3 - 2. Is 24 a factor of j*(-33)/15*4?
False
Let r be (3/(-3))/(-1) + 0. Suppose 4*d + 49 = r. Let i = d - -17. Does 5 divide i?
True
Suppose -5 - 3 = -2*r. Suppose 4*p + 0*p = -l + 20, -r*l = 2*p - 66. Is l a multiple of 6?
False
Suppose -5*t = -4*o - 134, -38 = -t - o - o. Is 10 a factor of t?
True
Suppose 0 = -5*a + 13 + 12. Suppose v - a = 12. Does 5 divide v?
False
Let n(b) = -2*b - 8. Let d be n(10). Let x = -11 - d. Does 17 divide x?
True
Suppose -2*j - 4*j = -132. Is j a multiple of 11?
True
Suppose 55 = 15*n - 10*n. Is n a multiple of 3?
False
Let h(q) = -52*q**2 + q - 1. Let d be h(1). Let l = d + 86. Is 17 a factor of l?
True
Let b(k) = -k**3 - 16*k**2 - k + 11. Is 5 a factor of b(-16)?
False
Does 22 divide (1 - 0)*34 - (-2 - -1)?
False
Let t(g) be the first derivative of -g + 8*g**2 + 1 - 2 + 0. Is t(2) a multiple of 14?
False
Let q be (-797)/(-5) - 9/(-15). Suppose 4*f - 128 = 5*r, 5*f - q = -r - 4*r. Does 10 divide f?
False
Suppose -4*m = -9*m. Suppose 65 = -m*b + b - 3*x, -3*b + 169 = 4*x. Suppose 16 + b = 5*p. Does 8 divide p?
False
Let r(u) = u - 11. Let w be r(13). Suppose -3*l - 4*c = -116, -w*l + 3*l + 2*c = 40. Is l a multiple of 12?
True
Suppose -j - 93 = -i, 3*j - 181 = 2*i - 4*i. Is 4 a factor of i?
True
Let r(x) = 5*x**2 + 5. Let n be r(3). Let i = 90 - n. Is 8 a factor of i?
True
Suppose -3*c - 12 + 60 = 0. Is c a multiple of 5?
False
Is ((-15)/(-30))/(2 + (-183)/92) a multiple of 43?
False
Let v(j) = 3*j + 3. Suppose f = -f - 8. Let q be v(f). Is (-21)/q + (-2)/(-3) a multiple of 3?
True
Suppose 2*z + 3*z = 20. Let n be (-27)/5 + z/10. Is 3 a factor of (-1 - n) + (1 - 2)?
True
Suppose 0 = o - 3*u - 14, 4*o + 2*u - 42 + 0 = 0. Suppose o*q - 16*q = -225. Is q a multiple of 15?
True
Let z = 1 - -11. Is 20 a factor of (-344)/z*6/(-4)?
False
Let o(z) be the second derivative of 7*z**6/360 - z**5/40 + z**4/8 - z**3/6 - 2*z. Let i(m) be the second derivative of o(m). Is i(2) a multiple of 19?
False
Let w be (54/5)/((-1)/5). Let t = w - -93. Does 13 divide t?
True
Is 2 a factor of (-12)/(-10)*(-140)/(-21)?
True
Let m(p) = -p + 2 - 1 - 9*p - 9*p. Is 13 a factor of m(-1)?
False
Let r = -4 - -2. Let t be 6*(r + 16/6). Let l = t - 2. Does 2 divide l?
True
Suppose 9*y = 7*y + 190. Does 40 divide y?
False
Let w(q) = -23*q**3 + 2*q + 1. Let k = 2 - 3. Is w(k) a multiple of 11?
True
Suppose -3*p + 0*p - 9 = 5*f, -4*p + 17 = -3*f. Suppose 0 - 48 = -p*k. Does 12 divide k?
True
Let n = -17 - -5. Let h = n + 37. Is h a multiple of 9?
False
Let t(a) = -5*a - 8. Let m(u) = 5*u + 8. Let n(k) = 4*m(k) + 3*t(k). Is 16 a factor of n(6)?
False
Let j = 27 - 13. Is 14 a factor of j?
True
Let p(t) = -t**3 - 3*t**2 + 10*t + 14. Does 14 divide p(-5)?
True
Let p(l) = l**3 - 7*l**2 + 7*l + 2. Let w be p(6). Let c(y) = y**3 - 8*y**2 + 2*y - 11. Does 3 divide c(w)?
False
Let j = 7 + -4. Is 5 a factor of j/(((-63)/30)/(-7))?
True
Let b = -455 + 1002. Suppose -5*l = 3*z + b, 4*z - 12 = -5*l - 558. Let s = 154 + l. Is 22 a factor of s?
True
Suppose -4*g + g + 10 = 2*q, -2*g + 5 = 3*q. Suppose -4*y + 2*y + 30 = g*h, 0 = 5*h + 4*y - 36. Is h a multiple of 7?
False
Let s(k) = 15*k**2 - 5*k - 2. Does 6 divide s(-1)?
True
Suppose -4*t = -t - 18. Let u = -4 + t. Suppose u*m + 7 = 43. Is 9 a factor of m?
True
Let w(d) = -6*d**3 + d**2 + d. Let h be w(-1). Suppose -5*y + h = -2*y + 3*n, 0 = 4*y + 2*n - 2. Does 3 divide 7/y*-1 + 0?
False
Suppose 2*i + 4*x + 2 = 4*i, 5*i = 4*x + 11. Suppose 2*b + a = -81, b + b + 61 = i*a. Let f = 57 + b. Is f a multiple of 17?
False
Suppose d + w + 8 = 0, w - 6*w = -d + 4. Let u(v) = -v**2 - 8*v - 4. Is 8 a factor of u(d)?
True
Let o(y) = y**3 + 5*y**2 + 2*y + 1. Let v be (0 - -1)*1*9. Let j = 6 - v. Does 5 divide o(j)?
False
Suppose -7 = -2*t + 3*t. Is 4 a factor of t*2/7*-9?
False
Let j(o) = 8*o**2 + o + 4. Does 15 divide j(3)?
False
Let d be 2/(-6) + (-2)/(-6). Let b = d - 12. Is 9 a factor of ((-81)/b)/((-3)/(-8))?
True
Let h(r) = 80*r + 8. Is h(2) a multiple of 42?
True
Is (-4 + (-55)/(-10))*62 a multiple of 11?
False
Suppose 3*p = -4*y + 319 - 79, 5*y - 2*p - 300 = 0. Is y a multiple of 14?
False
Let y(z) = -3*z - 19. Let t be y(-8). Let a(b) = b**2 + b + 3. Let k be a(-4). Suppose -3*l = -k, t*l + 24 = 2*p - 19. Does 17 divide p?
True
Let r be (1/1)/(3/6). Suppose 4*v - 3*t - 64 = 0, 0*t + 3*t - 50 = -r*v. Is 7 a factor of v?
False
Let k = 22 - 4. Is 18 a factor of k?
True
Suppose 0 = -4*y + y + 72. Is y a multiple of 5?
False
Let d(c) = 2*c**2 + 5*c + 3. Let s be d(-3). Let k be (-39)/s - 2/(-4). Let j = k - -12. Does 4 divide j?
False
Let n(c) = c**2 + 4*c + 5. Let r be n(-4). Suppose -g + 164 = 4*g + w, r*w - 20 = 0. Does 11 divide g?
False
Let m = 7 + -9. Let q be m - (3/3 + -26). Suppose -87 = -4*k - q. Is k a multiple of 12?
False
Let r(f) = 4*f + 6. Let b be r(-5). Let g = 10 + b. Is 1 - g/((-4)/(-39)) a multiple of 18?
False
Let d = -8 + 21. Is d a multiple of 2?
False
Suppose 7*i = 2*n + 3*i - 268, -3*i = -2*n + 270. Does 11 divide n?
False
Let c be (1 - 11)/(-2 - 0). Suppose -3*k = k - c*a - 29, -5*k + 5*a + 40 = 0. Is 4 a factor of k?
False
Suppose -2*l - 34 - 44 = 0. Let j = 31 - l. Does 19 divide j?
False
Let u = 37 - 68. Is 6 a factor of (-3)/9 - u/3?
False
Let d be 11 - 5/(15/6). Let l = d + -1. Is 3 a factor of l?
False
Let z(i) = 3*i + 2. Is 4 a factor of z(3)?
False
Suppose 3*u - x + 4*x = 342, 2*x = -4*u + 462. Is u a multiple of 9?
True
Let p(u) = -u**2 - 13*u + 18. Is 8 a factor of p(-10)?
True
Let l be 1/(-4 + 2)*-50. Suppose -26 - l = -g. Does 12 divide g?
False
Suppose 4*o + 3 = -3*v, 2*v + v + 3 = 5*o. Suppose n + o*n = 76. Is n a multiple of 29?
False
Does 14 divide 6/(-9) - (-132)/9?
True
Suppose 32 = -2*m - 5*g, 3*m - 3*g + 3 = -3. Let u = 11 + m. Suppose -p + 7 = -z - 3, -u*p = 3*z - 50. Does 10 divide p?
True
Suppose p + 3*p + 5*t = -15, -3*p = -4*t - 12. Suppose p = -g + 3*g - r - 14, 2*g = -r + 6. Is 2 a factor of g?
False
Let c(w) = w**3 - 8*w**2 + 8*w + 9. Let x = -1 - -1. Suppose 2*v = 5*v - d - 22, d + 1 = x. Is c(v) a multiple of 16?
True
Let l(i) = i**2 + i + 1. Let g be l(-3). Suppose -p = -39 + g. Is 7 a factor of p?
False
Let k be 8*-2*(-9)/24. Suppose 5*g = -5*l + 135, -k*g + l = -2*g - 128. Does 24 divide g?
False
Let u(r) = 0*r**2 + 12*r**2 - 6*r + 2 - 4*r**2 + 0*r**2. Does 11 divide u(2)?
True
Let r be ((-8)/(-6))/(2/(-21)). Let l =